 -5 - (-7 + 5 + 8 - (-139 - -122)).
-28
What is -69 + 62 + 82 + -87?
-12
Evaluate -9 + -32 + -20 - -53.
-8
What is 4 - (4 + -3 + 4 + 49 - (-170 - -179))?
-41
What is the value of 39 + 6 + -90 - -77?
32
(12 - (-16 + (15 - -1)) - (9 - 0)) + 107
110
What is (-18 - (-35 - -9)) + -18 + -1?
-11
What is the value of -31 - (2 - 3) - (-10703 + 10563)?
110
Evaluate (-21 - 10) + -32 + 44.
-19
What is -3 + 1 + 33 + -65 - (11 - 21 - -13)?
-37
Calculate (-15 - 3 - -4) + -1 - (9 + -7 + 0).
-17
What is the value of -5 + -144 + 92 - -24?
-33
What is (-209 - -244) + -34 + 0?
1
Calculate 5 + (3 - 4) - ((18 - (15 - 3)) + -14).
12
What is the value of (2934 - 2942) + (-3 - 64)?
-75
(-120 - -1) + (153 - 392 - -234)
-124
Evaluate (18 - 85) + (1 - 2) + -2 + -13.
-83
What is the value of (1 - 1) + (-365 - -46 - -316)?
-3
Calculate (63 - 61) + (-20 - -27 - 32).
-23
What is (15 - (-7 + 9)) + (-22 - 100) + -8?
-117
Calculate (-15 - 1) + (-32 - -17) + 0 + 25 + -67.
-73
-97 + -16 + 55 + -7
-65
0 + 79 + -709 + 668
38
Evaluate -130 + (-4 - -113) + 39.
18
Calculate -1389 + 1415 + (1 - -7).
34
Evaluate -5 - (-15 + (51 - 78)).
37
-84 + (-63 - -94) + 38 + 45 + 0
30
Calculate -43 - (14 + (22 - 17) + -16).
-46
What is the value of (-3 + -68 - 3) + (15 - (18 + (12 - 18)))?
-71
Evaluate -780 + 800 + (0 - ((-2 - 0) + 5)).
17
What is the value of 35 - (-6 + 11 - -2 - 5 - 8)?
41
Evaluate -16 + 2 + -3 + (-16 + 1 - -1).
-31
(47 - 124) + 59 - -54
36
What is 21 - 7 - (-25 - -32 - -7)?
0
Evaluate 8 - ((-37 + 20 + -3 - -10) + (-1 - 15)).
34
-1 + 22 - (-27 - (-44 - -38))
42
(30 - -62) + -32 + -16
44
Evaluate -44 - ((-785 - -732) + (-12 - 0)).
21
59 + 191 + -260 + 0 + 13
3
Calculate -16 + (-36 - -53) + -29.
-28
Evaluate -10 + (-13 - -20) + 10.
7
What is 13 - 89 - -137 - 23?
38
-49 - (51 + (51 - 148))
-3
What is the value of (-50 - (-195 - -68)) + -51 + 1?
27
Evaluate (5 - 89) + (-64 - -42) + 42 - (-8 - -1).
-57
Calculate -16 + 14 + (2 - 16 - -13) + -53.
-56
What is 2 + 2 + 8 + (-11 - (-7 - 0)) + 54?
62
Calculate (16 - (23 - (23 + -8))) + -23 + 6.
-9
What is the value of 494 - 373 - (40 + 6 + -14)?
89
What is 10 + 13 + -19 + -107 + 15 + (-13 - 1)?
-102
-7 + (7 + -5 - 7) - -7 - (50 - 0)
-55
What is the value of 4 - ((-2 - 12) + 14 + -3 + (1 - 10))?
16
What is the value of -53 - (-516 + 530 + (-25 - 1 - 2))?
-39
What is (-23 + 26 - 5) + -4 + 61?
55
What is 52 + (-13 - (3 - (31 + -9 + -1)))?
57
What is -524 + 481 + (84 - 1)?
40
20 + 2 + -2 + 5 + -13 + 16
28
What is 10 + 9 - 16 - (8 + 4 + -7)?
-2
What is -94 + 67 + (115 - 112)?
-24
Evaluate -6 + (10 + (-12 - 9) + 11 - -13).
7
What is the value of (2 - 0) + -20 + 2 - (-181 + 282 - 0)?
-117
What is 40 + -79 + -12 + 13?
-38
What is 4 - (-5 - 0) - (3 + 2 - (-36 - 13))?
-45
What is 12 - -6 - (263 + -196)?
-49
What is the value of 145 + -617 + 500 - (1 - (1 - (1 + 0)))?
27
What is 7 - (-192 + (-9 - -109))?
99
What is (-17 + 11 - 5) + (-2 - -10 - -6)?
3
Calculate (24 + -88 - -24) + 63.
23
Evaluate (3 + -16 + -6 - -20) + 0 + 23.
24
Calculate (-29 - (-25 - 17)) + (52 - (6 - 3)).
62
What is the value of -6 - 11 - (-159 - -152)?
-10
9 - 19 - 18 - (-13 + 7 - -15) - -7
-30
Calculate 71 - 25 - (15 + -2) - (7 - 16).
42
(-1839 + 1845 - (0 - 93)) + -23
76
Calculate (-3 + -5 - -54) + (12 - (31 + -7)).
34
(-1 + -1 - 5) + -53 + (-66 - -86)
-40
What is 65 + -50 + (-1 - 50)?
-36
3 + (1 - -2 - (-19 + -11))
36
Calculate (-8 - 10) + (9 - -92 - (-1 + -21)).
105
What is (4 - 15) + (-2 - 9 - (177 + -188)) - 26?
-37
What is the value of -9 + (46 - (-5 + -11)) + -9 + -1 - -3?
46
Evaluate (2037 - 2040) + (-10 - -9) + (-1 - -1) + 32.
28
(126 - 16) + -59 - 99
-48
Calculate -91 + 135 + (-17 - -18) - 9.
36
What is ((6 - 30) + 21 - (-9 - 1)) + 82?
89
What is (-3 + -15 - -24 - 2) + 54?
58
Calculate 484 + -489 + (-5 - (-14 - 0)).
4
-56 - ((-41 - -79) + -56)
-38
Calculate -115 + (-100 - -60 - -79).
-76
What is (-30 - -38) + -18 - -39 - 14?
15
Evaluate (21518 - 21512) + 1 + -1 + 0 + 33.
39
What is the value of 24 + 46 + -40 + -28 + 41?
43
What is the value of -38 - (1059 + -1249 - (-16 - -1))?
137
Calculate -39 + -18 - -138 - (9 - -23).
49
What is the value of 75 + (206 - 53 - 184)?
44
Calculate -37 - (78 + 3) - ((1 + 2 - 3) + -12).
-106
Evaluate 7 + -13 + (64 - 19).
39
What is -16 - (-13 + 91) - (17 - 28 - 8)?
-75
What is the value of -18 - (3 + 15 - (-37 + 60))?
-13
What is 5511 + -5400 - (1 + 42)?
68
Calculate 13 - (4 + -3) - (3709 + -3619).
-78
(7 - -32) + (-16 + 20 - 26) - 88
-71
What is the value of (303 - (387 + -80)) + (0 - 0 - -23)?
19
Calculate -8681 - -8671 - (0 + 0 + -16 - 1).
7
Calculate -5 + -6 + (57 - 26).
20
Calculate -3 + 2 - (5 - (-34 + 18 - -12)) - -39.
29
Calculate -2328 + 2164 - (0 - 78).
-86
Evaluate -44 + -12 + (1 + 15 - (14 - 0 - 6)).
-48
Calculate 22 - 0 - (247 - 238) - 144 - -10.
-121
Evaluate -48 - (-62 + 81 + -31).
-36
What is the value of -37 + -128 - (244 + -313)?
-96
What is 80 - (-54 - -136) - -109?
107
(-31 - 49) + (8 + 0 - (137 + -139))
-70
What is the value of 4 + -1 - ((28 - -24) + (-10 + 15 - -9))?
-63
(-2 + 2 - -1 - (727 - 725)) + 2 + -68
-67
What is the value of 146 + -137 + (5 - (12 - 3)) + -43?
-38
Evaluate (10 - 27) + 8 + -30 + 59 + -8.
12
What is 61 + 94 + -182 + -42 + 1?
-68
Calculate -4 + 10 + -27 - (-18 - 10 - -27).
-20
-42 + (4 - 9 - 2) + (23 - 21) + 6
-41
(-127 - -142) + 8 + -25
-2
What is 65 - (-1 - -1) - (5097 - 5088)?
56
-10 - (-63 + 5) - ((12 - -1) + -4)
39
What is the value of -27 + (-41 - -73) + -38 + 2 + -2?
-33
What is 44 - -1 - (238 - (337 - 90))?
54
Calculate 2 + (11 - 0) + (85 - 74).
24
What is the value of (66 - (7 + -26 - (22 - 41))) + -11?
55
Evaluate 26 + (5 - -1) + (10 - (4 + 22)) + 3.
19
What is -87 - -100 - -24 - -7?
44
What is (-135 - (128 + -256) - (1 + 1 + -1)) + 15?
7
Evaluate -18737 + 18683 - ((-27 - -1) + -1).
-27
Calculate 173 - (-90 - -185) - -5.
83
What is the value of -8 - (47 - 95 - 29)?
69
Evaluate 3 - (-6 + 38 + -67).
38
What is the value of -12 + (71 + 33 - -33)?
125
Calculate -542 + 682 + -1 + -70.
69
-53 + 66 + 1 - (17 + 0) - 0
-3
21 - (-66 + -58 - 7)
152
(-41 - 62 - -66) + 67
30
-4 - (0 - 1) - (-130 - -101 - -21)
5
What is the value of -234 + 356 + 29 + -96?
55
What is the value of 10 + -11 + -15 + 41?
25
What is the value of -209 + (166 - -21) - (91 - 1)?
-112
What is the value of -72 + 86 + -45 + -24?
-55
What is the value of -6222 - -6320 - (-1 + 37)?
62
Evaluate (-9 - (32 + 9)) + -5 + (-7 - -27).
-35
What is the value of -1 + -23 - (205 - 205) - (-3 - 4)?
-17
What is (-3 - 4 - (41 + (-17 - -30))) + 0?
-61
Calculate -2 - (9 + (-5 - -3)) - (-19 + 16) - 21.
-27
Evaluate -32 + 15 + (15 - -28 - 14).
12
-61 + 211 + -37 + -31
82
-16 + (5 - (-26 - (-4 + -13)) - -44)
42
What is the value of -25 + 5 + (61 - 13 - 13)?
15
Calculate (259 - 377) + 206 + 3.
91
Evaluate -2 + -1 + -12 + 40 + -8.
17
What is the value of -9 + (4 - 62) + 90 + -60?
-37
Calculate 6 + 6 + (24 - 10 - -5) + 1 + 1.
33
Evaluate (-14 - 161) + 164 + -100.
-111
What is (8 - (4 + 5)) + (56 - 113)?
-58
What is the value of (-834 - -861) + 4 + -2 + 1?
30
Evaluate (40 - (-66 + 115)) + -39.
-48
What is the value of -23 + 10 - ((-32 - (-10 + 0)) + 10)?
-1
Evaluate 10 - 2 - (-84 - (62 + -295) - (22 + 0)).
-119
What is the value of -68 + (58 - 45) - 3?
-58
Evaluate (-61 - 0) + -1 + (-48 - -35).
-75
Calculate (-41 - -30 - -17) + (0 - 25) - 98.
-117
(-19 - -8 - -49) + -84 + 89
43
What is 2 + 9 + (-7 - 27 - -41) + (1 - 11)?
8
Calculate -16 - (-75 - -40) - (-3 - 0).
22
What is the value of 1 + -8 + 29 + 19 + -52 + -3?
-14
Evaluate 3 + -10 - (-4 + 1 + -3 + (-8 - -8)).
-1
What is -69 + 25 - (-19 + -89)?
64
What is (4 - (7 + -4 + 12)) + 3 + 14?
6
(34 - -31) + (-125 - 20)
-80
What is the value of 4 - (8 + 7 - (12 - -29))?
30
What is 8 + 22 + -9 - 42?
-21
What is the value of 639 + -610 - (4 - (2 - 78))?
-51
Evaluate (3 - 7) + 57 - (-6 + 8 - (22 - 21)).
52
Evaluate (53 - 53 - -46) + -14.
32
-8 + (3 - (1 - 15)) + 22
31
What is the value of (39 - (19 - -19)) + (-45 - -4)?
-40
(-100 - -27) + (-4 - (-1 - -9 - 5) - -12)
-68
-3 + -143 + 36 + (2 - -2 - 13) + -1
-120
Evaluate -19 - (5 + -7) - 85 - -31.
-71
What is the value of -1656 + 1655 + -9 + (0 - 1)?
-11
Calculate -10 + (31 - -5) + -45.
-19
What is the value of -119 + 1 + -8 + 34 + -73 + 50?
-115
What is the valu